 888. Calculate l(-68).
208
Let t(l) = -215*l + 8793. Calculate t(41).
-22
Let h(m) = -21*m - 26. Calculate h(-5).
79
Let m(i) = 19*i**2 + 42*i + 41. Determine m(-1).
18
Let v(k) = 33*k + 122. Determine v(-4).
-10
Let x(u) = -u**3 + 23*u**2 + 447*u + 4677. Give x(38).
3
Let p(x) = 4*x**2 - 106*x + 466. Determine p(20).
-54
Let f(t) = 29*t + 1878. Calculate f(-62).
80
Let s(u) = 5*u**2 - 523*u - 1216. Determine s(107).
68
Let i(q) = q**3 + 36*q**2 + 296*q - 19. Give i(-13).
20
Let j(s) = 1301*s**2 + 61146*s - 41. What is j(-47)?
6
Let w(m) = -m**3 - 4*m**2 + 27*m - 10. Give w(5).
-100
Let o(t) = -71*t - 2255. Determine o(-31).
-54
Let r(c) = -40*c**2 - 41*c - 13. What is r(-1)?
-12
Let a(t) = 215*t**2 - 15*t + 18. Calculate a(1).
218
Let a(p) = p**3 + 23*p**2 - 33*p - 67. Determine a(-24).
149
Let v(w) = 130*w - 1947. Give v(15).
3
Let o(f) = -f**3 - 4*f**2 + 21*f - 88. Determine o(-8).
0
Let m(k) = 48*k - 158. Calculate m(6).
130
Let h(o) = -40*o - 101. Give h(-5).
99
Let x(n) = 12*n**2 + 816*n - 99. What is x(-67)?
-903
Let d(l) = 50*l + 368. Determine d(7).
718
Let o(b) = 29*b - 470. Determine o(16).
-6
Let j(w) = -w**3 - 7*w**2 + 35*w + 253. Calculate j(-8).
37
Let d(l) = 2*l**2 + 193*l + 741. Determine d(-4).
1
Let s(b) = -2*b**3 + 17*b**2 - 3*b + 88. Determine s(8).
128
Let v(b) = -6*b**2 - 23*b + 134. Give v(4).
-54
Let w(u) = -1745*u - 3497. What is w(-2)?
-7
Let p(q) = -q**3 + 19*q**2 + 16*q - 24. Calculate p(20).
-104
Let i(r) = -59*r**2 - 415*r - 19. What is i(-7)?
-5
Let g(b) = -2*b**2 + 98*b - 483. What is g(40)?
237
Let a(p) = -p**2 + 58*p - 304. Determine a(48).
176
Let l(o) = -28*o - 227. What is l(-7)?
-31
Let w(c) = 2*c**3 + 24*c**2 + 6*c - 86. Determine w(-11).
90
Let b(i) = -19*i - 1339. What is b(-70)?
-9
Let z(l) = -l**2 - 213*l + 4156. Calculate z(18).
-2
Let p(z) = -7*z**2 - 181*z + 1113. What is p(-31)?
-3
Let n(z) = -z**3 + 16*z**2 + 36*z - 576. Give n(16).
0
Let s(a) = -a**3 - 19*a**2 - 9*a + 19. Give s(-18).
-143
Let g(d) = -d**2 + 13*d + 142. What is g(12)?
154
Let p(w) = 16*w - 357. What is p(11)?
-181
Let l(f) = 316*f**2 - 1580*f - 24. Calculate l(5).
-24
Let q(z) = -2*z**3 - 14*z**2 + 18*z - 28. Determine q(-9).
134
Let o(f) = 5*f**3 - 252*f**2 + 106*f - 309. Calculate o(50).
-9
Let f(k) = 4*k - 267. Give f(43).
-95
Let r(s) = -4*s**3 - 39*s**2 + 10*s + 14. What is r(-10)?
14
Let v(k) = -k**2 + 39*k + 1498. Determine v(63).
-14
Let o(y) = y**3 - 19*y**2 - 25*y - 90. Determine o(20).
-190
Let s(r) = 738*r + 10. Give s(0).
10
Let z(r) = -57*r**2 - 447*r + 78. Determine z(-8).
6
Let c(i) = -38*i + 3083. Determine c(81).
5
Let v(s) = 6*s**3 - 1113*s**2 + 554*s + 194. What is v(185)?
9
Let h(m) = 2*m**2 - 14*m - 18. Give h(-8).
222
Let c(w) = 6*w + 238. What is c(0)?
238
Let k(a) = -26*a + 170. What is k(13)?
-168
Let z(h) = -7707*h + 77078. What is z(10)?
8
Let o(u) = -8*u**3 - 59*u**2 + 6*u + 57. What is o(-7)?
-132
Let m(q) = q**2 - 76*q - 87959. Give m(337).
-2
Let w(a) = -17*a**3 - 110*a**2 - 41*a + 43. Determine w(-6).
1
Let u(a) = -49*a**3 + 63*a**2 - 9*a. Give u(1).
5
Let x(i) = -13*i - 444. Give x(-31).
-41
Let y(n) = -n**3 + 47*n**2 + 111*n - 634. Calculate y(49).
3
Let w(p) = 292*p - 1562. Determine w(5).
-102
Let i(l) = -3275*l - 9856. What is i(-3)?
-31
Let c(p) = p**2 + 22*p - 44. What is c(0)?
-44
Let m(x) = -x**3 + 9*x**2 - 17*x - 16. What is m(4)?
-4
Let b(w) = -2*w**2 + 82*w - 72. Determine b(39).
84
Let x(z) = 327*z - 27463. Calculate x(84).
5
Let n(x) = x**2 + 21*x + 119. Determine n(-17).
51
Let f(m) = 7*m**2 + 55*m - 192. What is f(-8)?
-184
Let k(h) = -13*h**2 + 46*h + 18. Calculate k(-2).
-126
Let j(q) = q**2 - 42*q + 288. Give j(29).
-89
Let v(q) = 11*q**2 - 36*q + 99. Determine v(3).
90
Let w(r) = -28*r - 235. Determine w(-22).
381
Let k(p) = -5*p**2 + 34*p - 48. Determine k(6).
-24
Let g(c) = 5*c**2 - 87*c + 28. Give g(17).
-6
Let m(u) = 2*u**3 + 41*u**2 + 22*u + 19. Determine m(-20).
-21
Let k(m) = 82*m**3 + 12*m**2 + 13*m + 2. Calculate k(-1).
-81
Let p(z) = 52*z**2 - 724*z - 35. Calculate p(14).
21
Let a(r) = 8*r**3 + 39*r**2 + 49*r - 6. Calculate a(-3).
-18
Let h(c) = 75*c - 1107. What is h(15)?
18
Let t(s) = -3*s**3 + 46*s**2 - 31*s + 959. Calculate t(16).
-49
Let k(a) = 60*a - 738. Calculate k(10).
-138
Let x(i) = -14*i**2 + 108*i + 321. What is x(-3)?
-129
Let r(y) = -2*y**3 - 8*y**2 + 3*y + 7. Determine r(2).
-35
Let o(n) = 4*n**3 + 33*n**2 - 3*n + 31. Determine o(-9).
-185
Let m(r) = -r**3 - 12*r**2 - 30*r + 27. Give m(-6).
-9
Let s(n) = 3*n + 157. Give s(-52).
1
Let k(n) = 37*n + 68. Give k(-2).
-6
Let v(k) = k**3 + 40*k**2 - 10*k - 72. Determine v(-40).
328
Let o(r) = r**3 + 20*r**2 - 1924*r - 38. Calculate o(35).
-3
Let a(y) = y**3 + 38*y**2 - 76*y + 323. Determine a(-40).
163
Let z(o) = -49*o - 3717. Calculate z(-76).
7
Let v(z) = -96*z + 49. Determine v(7).
-623
Let z(d) = -6*d**3 + 98*d**2 - 32*d - 24. Determine z(16).
-24
Let r(n) = 17*n**3 + 3*n**2 - 9*n - 10. Give r(-1).
-15
Let l(t) = 2*t**3 + 19*t**2 + 13*t + 227. Determine l(-10).
-3
Let i(z) = 1323*z - 95251. Calculate i(72).
5
Let g(s) = -s**3 - 57*s**2 + 56*s - 118. Give g(-58).
-2
Let t(d) = d**3 + 60*d**2 - 58*d + 182. What is t(-61)?
-1
Let p(m) = -2642*m + 5303. Determine p(2).
19
Let p(a) = a**2 - 11267*a - 429584. Calculate p(-38).
6
Let y(g) = -32*g**2 - 798*g - 686. Give y(-24).
34
Let q(n) = 14*n + 135. Calculate q(-26).
-229
Let c(d) = -2*d**3 - 22*d**2 + 44*d - 93. What is c(-13)?
11
Let l(b) = -243*b**2 - 6*b - 8. Determine l(-1).
-245
Let c(y) = y**2 + y - 29. Give c(5).
1
Let y(f) = -240*f + 222. Give y(1).
-18
Let a(o) = o**3 - 9*o**2 - 374*o + 3902. What is a(11)?
30
Let s(o) = -o**2 + 227*o - 1964. Calculate s(9).
-2
Let m(i) = i**2 + 98*i + 182. Determine m(-96).
-10
Let p(d) = -2*d**2 + 127*d + 198. Determine p(57).
939
Let k(t) = 158*t - 2615. Calculate k(16).
-87
Let a(y) = -11*y - 102. Calculate a(-33).
261
Let m(u) = 309*u**2 - 1855*u + 10. Calculate m(6).
4
Let u(i) = -27*i**3 + i**2 - 4*i - 1. What is u(-1)?
31
Let b(z) = 3*z**3 + 120*z**2 + 4*z + 157. Calculate b(-40).
-3
Let u(g) = -65*g**2 + 33*g + 35. Calculate u(-1).
-63
Let w(s) = -s**3 - 41*s**2 + 44*s + 146. Give w(-42).
62
Let h(y) = 2*y**3 - 121*y**2 + 171*y + 339. Give h(59).
-15
Let l(w) = 29*w - 83. What is l(-7)?
-286
Let t(u) = 109*u - 14. Calculate t(0).
-14
Let h(n) = 74*n + 1104. Calculate h(-15).
-6
Let z(m) = 4*m**3 + 71*m**2 - 3*m + 280. Determine z(-18).
10
Let n(r) = 6*r**2 - 52*r - 13. Determine n(10).
67
Let v(u) = -u**2 + 105*u + 1278. Give v(116).
2
Let g(i) = -i**3 + 29*i**2 - 28*i - 3. Calculate g(28).
-3
Let g(s) = -s**2 - 46*s - 522. Give g(-25).
3
Let a(g) = 2*g**2 - 12*g - 5. Determine a(10).
75
Let u(w) = 290*w**2 - 2595*w + 2. What is u(9)?
137
Let n(c) = 1911*c - 328696. Give n(172).
-4
Let t(j) = -j**3 - 50*j**2 - 81*j + 728. Determine t(-48).
8
Let f(c) = -705*c + 5634. Determine f(8).
-6
Let x(n) = 17*n**2 - 4*n + 4. Calculate x(4).
260
Let n(p) = -796*p + 15893. Give n(20).
-27
Let l(w) = -27*w**2 - 462*w - 29. Calculate l(-17).
22
Let m(a) = -95*a - 5312. Determine m(-56).
8
Let i(s) = -614*s - 3681. Give i(-6).
3
Let l(v) = -3*v**3 - 52*v**2 - 16*v + 33. Calculate l(-17).
16
Let y(i) = 28*i + 142. Calculate y(-6).
-26
Let v(l) = 289*l + 354. Calculate v(-2).
-224
Let t(r) = 1455*r - 7257. Calculate t(5).
18
Let w(m) = 92*m + 2485. Determine w(-27).
1
Let n(r) = -286*r + 13958. Calculate n(49).
-56
Let j(t) = 2*t**3 + 9*t**2 + 16*t + 8. Give j(-2).
-4
Let l(d) = -961*d**2 - 12*d - 8. Give l(-1).
-957
Let h(w) = w**3 + 24*w**2 + 135*w - 25. Give h(-12).
83
Let v(r) = -32*r**2 - 4*r + 19. What is v(3)?
-281
Let u(x) = -4*x**2 - 2227*x - 4449. What is u(-2)?
-11
Let b(m) = -m**2 - 153*m - 1548. Calculate b(-141).
144
Let a(u) = u**2 + 420*u - 3858. Determine a(9).
3
Let v(k) = -k**3 - 53*k**2 + 4*k + 213. Determine v(-53).
1
Let y(a) = -15*a**2 + 61*a - 7. Determine y(6).
-181
Let p(h) = 812*h + 4026. Calculate p(-5).
-34
Let c(m) = -356*m - 721. Give c(-2).
-9
Let h(o) = -114*o**3 - 14*o**2 - 30*o - 18. Calculate h(-1).
112
Let v(u) = 274*u - 1917. Determine v(7).
1
Let k(y) = -y**3 + 91*y**2 - 82*y + 92. Give k(90).
812
Let f(d) = -76*d - 6053. Give f(-82).
179
Let h(y) = y**3 - 38*y**2 + 41*y - 188